. What is the remainder when b(1) is divided by 4?
2
Suppose b - 2*x + 28 = 0, -x - 4*x + 59 = -2*b. Let t be (-13)/(-11) + 4/b. What is the remainder when (-205)/(-10)*(t + 1) is divided by 14?
13
Suppose -5*z + 5*j = -160, 0*j - 68 = -2*z + j. What is the remainder when z is divided by 13?
10
Let g(m) = -2*m**2 - 5*m - 3. Let o be g(-4). Let l = 22 + o. Let p(n) = -n**2 - 7*n + 2. What is the remainder when p(-5) is divided by l?
5
Suppose -6*u + 80 = -2*u. Calculate the remainder when 39 is divided by u.
19
Let w = -32 + 17. Let b be (w/10)/(6/32). Calculate the remainder when (b/10)/(3/(-15)) is divided by 3.
1
Suppose 19 - 1 = 2*g. Suppose 0*b + 4*x + 8 = 4*b, 0 = 3*x - g. Suppose 0 = -2*l - 5*v + 10, -b*l + v = -52. What is the remainder when 29 is divided by l?
9
Suppose -3*y + 31 - 1 = 0. Let c be 2/y - 28/(-10). Suppose h + c*h - 16 = 0, q - 5*h = 12. Calculate the remainder when q is divided by 17.
15
Suppose -3*u + 49 = -4*n, -5*u + n = -3*u - 26. Calculate the remainder when u is divided by 2/(-3*2*(-3)/36).
3
Suppose 0 = -0*p - 5*p + 245. What is the remainder when p is divided by ((-6 - 1) + 3 + 3)*-17?
15
Suppose -5*a + 5*w + 188 = 2*w, -140 = -3*a - 5*w. What is the remainder when a is divided by 9?
4
Suppose 15 = 3*v, -5*v - 15 = -3*q + 23. Let g(w) = -4*w + 1 + 0*w**3 - 3*w - 6*w**2 - w**3. What is the remainder when q is divided by g(-5)?
10
Let p = 12 + 1. Calculate the remainder when 50 is divided by p.
11
Suppose p = 2, 0*n + 8 = -n + 5*p. Suppose z - 75 = -n*z. Calculate the remainder when z is divided by 13.
12
Suppose 4*o - 388 = -4*g, 3*o + 5*g + 29 - 310 = 0. What is the remainder when o is divided by 26?
24
Let t = 13 + -17. Let w(u) = -3*u + 5. Calculate the remainder when w(t) is divided by 5.
2
Suppose 2*p = -p - 18. Let y be (-6)/2*68/p. Let i = -19 + y. Calculate the remainder when 28 is divided by i.
13
Suppose 12*a - 11*a = 42. What is the remainder when a is divided by 11?
9
Suppose -2*f = -4 - 14. Let o = 66 - 37. Calculate the remainder when o is divided by (-2)/3 + 96/f.
9
Let d(n) = n**3 + 13*n**2 - 15*n + 15. Let q = 25 - 9. Calculate the remainder when d(-14) is divided by q.
13
Suppose -5*o + 6*o = 2. Suppose 0 = o*y + 11 - 3. Let c = 11 + y. What is the remainder when 12 is divided by c?
5
Suppose -d - 3*d = c - 173, -2*c = -2*d + 94. Calculate the remainder when d is divided by 15.
14
Let o = 7 + 1. Calculate the remainder when (-165)/6*12/(-15) is divided by o.
6
Let c be (-237)/33 - 4/(-22). Let s = c - -13. What is the remainder when 15 is divided by s?
3
Let n = -11 - -18. Suppose -36 = -4*r + 3*w, -42 = -5*r + w + 14. Calculate the remainder when r is divided by n.
5
Suppose 4 = -3*z - 5. Calculate the remainder when (-1 - -129) + (z - -7) is divided by 27.
24
Let z(m) = -2*m - 14. Calculate the remainder when z(-11) is divided by 3.
2
Let l be (18/(-15))/((-3)/(-20)). Let w = 19 + l. What is the remainder when 31 is divided by w?
9
Let d = 2 - -1. Suppose -4*o - 1 = z + 4, d*z - 2 = 5*o. What is the remainder when 13 is divided by 7 + o + (-1 - -2)?
6
Let v be -2*(0 + -41) + -1. Suppose -4*p = -5*d - 63, 3*d - v = -5*p + 7*d. Calculate the remainder when p is divided by (-344)/(-144)*2 + (-2)/(-9).
2
Let p = -21 + 40. Let c = -2 + 12. Calculate the remainder when p is divided by c.
9
Let t(d) = d + 10. Suppose 5*z + 6 = 1. What is the remainder when z + -1 + 1 + 6 is divided by t(-7)?
2
Suppose g - 7 = -0*g. What is the remainder when 25 is divided by g?
4
Let n = 23 - 8. Calculate the remainder when 42 is divided by n.
12
Suppose 0 = -u - 2*r - 16, 0 = -6*u + 4*u + 3*r + 3. Calculate the remainder when 33 is divided by 2*(-2 + 2 - u).
9
Let i(d) = 2*d**2 + 3*d - 4. Suppose 0 = -p - 3 + 5. Let c be p - (6 + 1 + -2). What is the remainder when 19 is divided by i(c)?
4
Let g be (4 + -3)/(2 - 3). Let v = g + 15. What is the remainder when v is divided by 4?
2
Calculate the remainder when 14 is divided by ((-85)/30)/17 + 98/12.
6
Suppose 0 = -3*r - 2*r + 10. Suppose w - k = 2*w - 16, -r*w + k = -38. Let n = -9 + w. Calculate the remainder when 17 is divided by n.
8
Suppose 2*a + 2*z - 110 = z, -274 = -5*a - 2*z. What is the remainder when a is divided by 14?
12
Suppose -9 = -5*m + 6. What is the remainder when 9 is divided by m?
0
What is the remainder when (4/12)/((-2)/(-282)) is divided by (2/4)/((-1)/(-24))?
11
Let j(f) = -f**2 + 7*f - 4. Let p be j(7). Let n = p - -7. What is the remainder when n is divided by 2?
1
Let i be 2*2/(-4)*-4. What is the remainder when 4 - i/2 - -7 is divided by (-2)/5 + (-54)/(-10)?
4
Suppose 9 = 3*r - 5*i, 4 = -2*r - 2*i + 10. What is the remainder when 37 is divided by (6/r - 3)*-13?
11
Let p be 7/((-70)/4)*-20. Let b be 1/3 + (-16)/3. Let z = p + b. What is the remainder when z is divided by 2?
1
Suppose -4*h + 54 - 10 = 0. Calculate the remainder when (-4)/2*(-41)/2 is divided by h.
8
Let o(h) = -3*h + 13. Let x(j) = -j**3 - 6*j**2 + j - 5. Let t be x(-6). Calculate the remainder when o(t) is divided by 16.
14
What is the remainder when 52 is divided by (-44)/(-6)*(-9)/(-6)?
8
Let b(i) = 32*i - 21. What is the remainder when b(5) is divided by 35?
34
Let x = -93 - -155. Suppose 3*r - x = -23. Calculate the remainder when r is divided by ((-18)/15)/(3/(-20)).
5
Let f = 76 - 62. Calculate the remainder when 81 is divided by f.
11
Let p(t) = t**3 + 5. Let c be p(0). Suppose 3 = -c*x + 13. Suppose q = x*q - 37. Calculate the remainder when q is divided by 19.
18
Suppose 43 + 37 = 2*l. Suppose -3*a + 14 = -2*a. Calculate the remainder when l is divided by a.
12
Let j = 229 + -117. Suppose -r - 2*k = 2*r - j, 3*k = 4*r - 155. What is the remainder when r is divided by 13?
12
Suppose 2*k - 45 = -3*d, 2*d - 5*d + 5*k + 45 = 0. Let n = 94 - 86. What is the remainder when d is divided by n?
7
Suppose 7 = -5*r + 27. Suppose 4*b - 28 = -r*u, 0 = -2*b + 2*u - u + 26. Calculate the remainder when 32 is divided by b.
10
Calculate the remainder when (7 + 1)*1 - 1 is divided by 3 + (20/(-25))/((-6)/15).
2
Let p(m) = -3 - m - 4*m - 1. Calculate the remainder when p(-7) is divided by 8 + ((-3)/(-1) - 0).
9
Suppose 2*f = 5*s - 143, 0*f = 2*s + 3*f - 61. What is the remainder when s is divided by 16?
13
Suppose -45 = -6*v + v. Suppose 6*c - v*c - 69 = 0. Let y = -9 - c. What is the remainder when y is divided by 8?
6
Suppose -14*b = -11*b - 66. Let r be -2 - (-2 - 2) - 8. Let a = b + r. What is the remainder when 29 is divided by a?
13
Suppose 3*o - 58 = 17. Calculate the remainder when o is divided by 13.
12
Let h = -3 - -27. Calculate the remainder when 143 is divided by h.
23
Let l = -6 - -8. Suppose 4*b = -2*x + 78, -l*x + 6*x = 20. Let p = -108 + 157. What is the remainder when p is divided by b?
15
Let o = 7 - 36. Let h = -13 - o. Calculate the remainder when 45 is divided by h.
13
Suppose 2*c + 5*x = 0, -5*x = -2*c - c. Suppose 1 = 3*j - a, c = -5*j - 2*a + 5*a - 5. Calculate the remainder when 8/(-20) - (-24)/10 is divided by j.
0
Suppose 0 = a + 3 - 11. What is the remainder when 39 is divided by a?
7
Let v be -1 - -5 - (-3 - -5). Suppose -20 = -v*h - 0. Suppose 4*n - 3*y = -y + 14, 5*n - 15 = 5*y. Calculate the remainder when h is divided by n.
2
Let r(q) = 3*q**2. What is the remainder when r(-3) is divided by 7?
6
Suppose -v + 5*l = 22 + 7, 2*v - 5*l + 53 = 0. Suppose -7 = -w + 3. Calculate the remainder when w is divided by ((-1)/(-2))/((-2)/v).
4
Let k(u) = -u**3 + 4 + 21 + 13. What is the remainder when k(0) is divided by (-282)/(-22) + (-4)/(-22)?
12
Let y be (1/(-3))/((-3)/54). Calculate the remainder when (-4)/y - (-113)/3 is divided by 13.
11
Let h(i) = i**3 + 6*i**2 + 4*i + 7. Let v be h(-5). Suppose -b + v = 3*b. Calculate the remainder when 7 is divided by b.
1
Let i(r) = -2*r + 1. Let g be i(-6). Suppose 2*o + 2*u = 22, -g = -2*o - 5*u + 9. What is the remainder when 20 is divided by o?
9
Suppose -5*y = -h + 110, 5*y = 3*h - 27 - 93. Let d be 74/14 + 6/y. Suppose -2*c + d = -1. Calculate the remainder when c is divided by 2.
1
Let q = -9 + 16. Calculate the remainder when q is divided by (1/3)/((-13)/(-195)).
2
Suppose 0 = -3*b + 3*q + 18, 4*b - 3*q = -b + 28. Suppose -b*r = -4*a + 70, -r + 4 = 5*a - 11. Calculate the remainder when 19 is divided by (-31